 7, what is -144 - 51?
-225
In base 4, what is -2 + 1001?
333
In base 7, what is 1 + -465?
-464
In base 15, what is -253d + 3?
-253a
In base 2, what is 10010000 + -11?
10001101
In base 9, what is 5 + -166?
-161
In base 5, what is -13 + 111?
43
In base 3, what is 21001100 + -12?
21001011
In base 5, what is -4 + 21423?
21414
In base 9, what is 5 - -180?
185
In base 11, what is -2 - a10?
-a12
In base 4, what is -102223 - 3?
-102232
In base 9, what is 5 + -46?
-41
In base 3, what is 2 - -2200?
2202
In base 16, what is 1 - 6e?
-6d
In base 3, what is -22 + -22012?
-22111
In base 15, what is -1 - -5e?
5d
In base 13, what is 2 - -c?
11
In base 3, what is -101220 + 200?
-101020
In base 15, what is ed - -13?
111
In base 12, what is -a + 25?
17
In base 3, what is 2 - -100?
102
In base 7, what is 0 + -4320?
-4320
In base 5, what is 11100 + -12?
11033
In base 9, what is 106 + -3?
103
In base 16, what is -eee + 3?
-eeb
In base 16, what is 6 - -98?
9e
In base 12, what is -b5 - 4?
-b9
In base 7, what is 1 + 451?
452
In base 16, what is -b - -5?
-6
In base 14, what is -3 + -a7?
-aa
In base 6, what is 4 - 2250?
-2242
In base 15, what is 0 - -1e?
1e
In base 7, what is -124 + -30?
-154
In base 5, what is 1122 + 1?
1123
In base 7, what is -25 - 4?
-32
In base 8, what is 3355 + -1?
3354
In base 11, what is -151 + -10?
-161
In base 13, what is 187 + -22?
165
In base 10, what is 2 + -5?
-3
In base 9, what is 14116 - 4?
14112
In base 15, what is 8e3 + 1?
8e4
In base 4, what is 1 + -112?
-111
In base 14, what is -4a + -7?
-53
In base 15, what is -345 + -a?
-350
In base 11, what is 15 + -1082?
-1068
In base 2, what is 100100001 - -11?
100100100
In base 16, what is 3 + -b?
-8
In base 2, what is -11000 + 1101?
-1011
In base 3, what is 122 + 21110?
22002
In base 5, what is -4 + 1024?
1020
In base 9, what is -17 + 31?
13
In base 14, what is -1212 + -7?
-1219
In base 4, what is -3 + 202132?
202123
In base 15, what is 1 + 1edc?
1edd
In base 14, what is 4 + 1c3?
1c7
In base 12, what is 11 - -6?
17
In base 12, what is -16856 + 5?
-16851
In base 14, what is -33 + 1?
-32
In base 7, what is 2 - 412?
-410
In base 5, what is -134 + 43?
-41
In base 6, what is 35 - 15?
20
In base 12, what is -249 - -5?
-244
In base 14, what is -24 + -30?
-54
In base 16, what is 2f64 + -3?
2f61
In base 2, what is -100 + 1010001?
1001101
In base 10, what is -13 - 2?
-15
In base 11, what is 16 + -17?
-1
In base 13, what is 110 + -4?
109
In base 13, what is -7 - -8b4?
8aa
In base 11, what is 17 + 9?
25
In base 3, what is 0 + 201022?
201022
In base 12, what is 44 + 23?
67
In base 3, what is -12 - 1002?
-1021
In base 13, what is 11 + -2?
c
In base 8, what is -17 - -3?
-14
In base 3, what is -110010100 - 12?
-110010112
In base 7, what is -2 - 15?
-20
In base 14, what is -2 - 1407?
-1409
In base 6, what is -4 - 15025?
-15033
In base 16, what is 2b9 + 3?
2bc
In base 12, what is 14ba + -1?
14b9
In base 9, what is -7 + -25?
-33
In base 3, what is 121102 + 11?
121120
In base 7, what is -135 + 12?
-123
In base 8, what is -4 + 10?
4
In base 4, what is -1002 - 100?
-1102
In base 15, what is -c7 - -12?
-b5
In base 9, what is 5365 + -3?
5362
In base 7, what is -3256 + 0?
-3256
In base 14, what is 6 - -2?
8
In base 12, what is -118 + -4?
-120
In base 10, what is 45 + -19?
26
In base 15, what is c6 + -5?
c1
In base 10, what is -3085 - -5?
-3080
In base 14, what is 9 - 26d?
-264
In base 6, what is -4442 - 4?
-4450
In base 2, what is 11 - -110111?
111010
In base 5, what is 2301 - 13?
2233
In base 16, what is -587 - -2?
-585
In base 13, what is -2b52 - 4?
-2b56
In base 4, what is -2 - 20?
-22
In base 15, what is c46 + -4?
c42
In base 6, what is 114 + -43?
31
In base 15, what is -8 + 89?
81
In base 12, what is 295 + -6?
28b
In base 15, what is -4 + 6a?
66
In base 12, what is 96 - -97?
171
In base 6, what is 2541 - 2?
2535
In base 2, what is 11 + -1010100?
-1010001
In base 9, what is -224 + 1?
-223
In base 3, what is -12 - 102020?
-102102
In base 13, what is -3b + -5?
-43
In base 9, what is 4 - 560?
-555
In base 9, what is -7 + 376?
368
In base 15, what is -1120 - -5?
-111a
In base 5, what is 10 - 13410?
-13400
In base 9, what is 3 + -14?
-11
In base 4, what is -1311 - -111?
-1200
In base 16, what is 182 - 1?
181
In base 6, what is 1050 + 10?
1100
In base 14, what is a + 2c1?
2cb
In base 3, what is 210 - -12012?
12222
In base 8, what is 4743 + -2?
4741
In base 2, what is 10100000110 - 111?
10011111111
In base 8, what is -64 - 0?
-64
In base 4, what is -10023020 + 11?
-10023003
In base 16, what is -1 - -397?
396
In base 5, what is 2 + 241?
243
In base 8, what is -105 - -16?
-67
In base 9, what is 2 + -2536?
-2534
In base 13, what is -a3 + 7?
-99
In base 5, what is -4 - 130?
-134
In base 15, what is -30 + 4d?
1d
In base 12, what is 2 + 132?
134
In base 4, what is 302322 + 22?
303010
In base 7, what is -5 - 106?
-114
In base 5, what is 0 + -230?
-230
In base 11, what is 139 - 26?
113
In base 9, what is 2 - -671?
673
In base 4, what is -10 + -2020?
-2030
In base 12, what is 1 - 258?
-257
In base 7, what is 1323 - 6?
1314
In base 16, what is 1b - -2a?
45
In base 7, what is 0 - -1631?
1631
In base 8, what is -52 - -7?
-43
In base 7, what is -223 - 1?
-224
In base 12, what is -1 + 45?
44
In base 5, what is -3 - -14?
11
In base 10, what is -61 + 40?
-21
In base 13, what is 2 + -15?
-13
In base 8, what is 6 - 14?
-6
In base 3, what is 1002220 - 0?
1002220
In base 9, what is 1004 - 5?
888
In base 14, what is 1a + 296?
2b2
In base 9, what is -5 - 12?
-17
In base 7, what is 2624 + -1?
2623
In base 4, what is 0 + -2?
-2
In base 3, what is 11 + -101122?
-101111
In base 4, what is -2 - 1111?
-1113
In base 15, what is 3 + -102?
-ee
In base 5, what is 10 - 22?
-12
In base 13, what is 1 + 8b7?
8b8
In base 12, what is -a - -652?
644
In base 5, what is 20 + -21?
-1
In base 6, what is -1303 - -3?
-1300
In base 7, what is 0 - -1331?
1331
In base 13, what is 4 + -121?
-11a
In base 6, what is 1304 - 0?
1304
In base 8, what is 61 + 5?
66
In base 5, what is -22331 - 3?
-22334
In base 3, what is 2 - -1210?
1212
In base 7, what is 3 + -250?
-244
In base 7, what is 130 + 0?
130
In base 7, what is -4 - 462?
-466
In base 5, what is 3 - 2304?
-2301
In base 11, what is -5 + -361?
-366
In base 13, what is 25 - 25?
0
In base 15, what is -3 + -4c?
-50
In base 5, what is -2 + 4104?
4102
In base 15, what is -1 + -117?
-118
In base 4, what is -2 + 1031?
1023
In base 14, what is 1b - -39?
56
In base 5, what is 2 + 2?
4
In base 6, what is 30 - 51?
-21
In base 14, what is -5 + 9d2?
9cb
In base 14, what is 16cd + -3?
16ca
In base 10, what is 12483 + -2?
12481
In base 8, what is 1527 - -1?
1530
In base 9, what is 120 + -1?
118
In base 2, what is 10 + 101000?
101010
In base 11, what is 3 + 28?
30
In base 5, what is 3 - 13?
-10
In base 9, what is 751 - 0?
751
In base 10, what is 10 + 48?
58
In base 7, what is -255 - -224?
-31
In base 9, what is -1 - -445?
444
In base 10, what is -80 + 4?
-76
In base 2, what is 100100 - 1100111?
-1000011
In base 13, what is 1 - -161?
162
In base 11, what is 1 + -551?
-550
In base 14, what is 0 - 631?
-631
In base 8, what is -26 - 2500?
-2526
In base 14, what is 22 - 1a?
6
In base 15, what is 4 + -24?
-20
In base 11, what is 352 + 3?
355
In base 12, what is 29 + 6?
33
In base 7, what is -2 - -141?
136
In base 10, what is 9 + 70?
79
In base 10, what is 3 - -175?
178
In base 7, what is 3310 - 2?
3305
In base 6, what is -4 - -24230?
24222
In base 16, what is 43 - 4?
3f
In base 16, what is 89a - 1?
899
In base 8, what is -14 + 0?
-14
In base 7, what is 54 - -133?
220
In base 7, what is 40 + -1026?
-656
In base 10, what is 2 - -138?
140
In base 3, what is -121 + 11221?
11100
In base 11, what is -3 + -43a?
-442
In base 12, what is -9 - a?
-17
In base 11, what is -72 + 54?
-19
In base 13, what is 4135 + 2?
4137
In base 7, what is 5252 + 4?
5256
In base 5, what is 4 + -33?
-24
In base 9, what is -33 + -10?
-43
In base 13, what is -179 - 66?
-212
In base 13, what is -15 - -76?
61
In base 11, what is 4 + -54?
-50
In base 7, what is 2 + -621?
-616
In base 13, what is -3 - 2b9?
-2bc
In base 12, what is -5 + -88b?
-894
In base 9, what is 1 + -33?
-32
In base 2, what is 110 - 111000?
-110010
In base 8, what is -460 + 3?
-455
In base 5, what is 103